 the prime factors of 69134826?
2, 3, 23, 500977
List the prime factors of 9568593.
3, 1063177
What are the prime factors of 2402393686?
2, 7, 11, 15599959
List the prime factors of 471403353.
3, 17, 313, 29531
What are the prime factors of 81587552?
2, 2549611
List the prime factors of 6382944400.
2, 5, 7, 653, 3491
List the prime factors of 1008879068.
2, 252219767
List the prime factors of 64080086.
2, 7, 4577149
What are the prime factors of 51553984?
2, 805531
What are the prime factors of 40449546?
2, 3, 1153, 1949
List the prime factors of 98140481.
98140481
What are the prime factors of 26296054?
2, 137, 95971
List the prime factors of 66429563.
2281, 29123
List the prime factors of 6982705.
5, 1396541
What are the prime factors of 53680821?
3, 37, 483611
List the prime factors of 1283302138.
2, 71, 809, 11171
What are the prime factors of 10364478?
2, 3, 31, 103, 541
List the prime factors of 772481772.
2, 3, 23, 4507
What are the prime factors of 38404238?
2, 19202119
What are the prime factors of 53103183?
3, 7, 719, 3517
What are the prime factors of 195945426?
2, 3, 89, 40771
What are the prime factors of 118897919?
7, 16985417
What are the prime factors of 4684580945?
5, 11, 17, 47, 881
List the prime factors of 103443769.
11, 13, 467, 1549
What are the prime factors of 402694178?
2, 109, 1847221
What are the prime factors of 591590894?
2, 29, 241, 42323
What are the prime factors of 1137809425?
5, 23, 1978799
List the prime factors of 6351939.
3, 11, 7129
What are the prime factors of 510721349?
19, 29, 926899
What are the prime factors of 518829064?
2, 13, 4988741
What are the prime factors of 1803344395?
5, 101, 409, 8731
What are the prime factors of 673941782?
2, 233, 1446227
List the prime factors of 3319875848.
2, 414984481
List the prime factors of 648927185.
5, 31, 659, 6353
List the prime factors of 19291406.
2, 271, 35593
What are the prime factors of 16934724?
2, 3, 29, 5407
What are the prime factors of 1520769778?
2, 11, 69125899
List the prime factors of 8412872.
2, 13, 41, 1973
List the prime factors of 189716946.
2, 3, 43, 735337
List the prime factors of 14517651.
3, 2129, 2273
What are the prime factors of 57138990?
2, 3, 5, 29, 65677
What are the prime factors of 112181856?
2, 3, 23, 47
What are the prime factors of 57725156?
2, 743, 19423
List the prime factors of 126806979.
3, 13, 199, 16339
What are the prime factors of 123830191?
123830191
List the prime factors of 72526633.
107, 277, 2447
List the prime factors of 176377518.
2, 3, 281, 34871
What are the prime factors of 1058494685?
5, 281, 613, 1229
What are the prime factors of 2933694627?
3, 29339, 33331
What are the prime factors of 1080215651?
131, 8245921
List the prime factors of 4624106641.
7, 11, 17, 207797
What are the prime factors of 860714983?
29, 1669, 17783
What are the prime factors of 10427640?
2, 3, 5, 113, 769
List the prime factors of 95874418.
2, 19, 2523011
What are the prime factors of 10919026?
2, 5459513
What are the prime factors of 1022060000?
2, 5, 13, 3931
What are the prime factors of 366309380?
2, 5, 18315469
List the prime factors of 118382906.
2, 37, 43237
List the prime factors of 100238950.
2, 5, 7, 286397
List the prime factors of 51628740.
2, 3, 5, 860479
What are the prime factors of 224512782?
2, 3, 13, 221413
List the prime factors of 92842575.
3, 5, 7, 89, 1987
What are the prime factors of 238553504?
2, 7, 37, 107, 269
What are the prime factors of 300313566?
2, 3, 7, 1019, 2339
What are the prime factors of 903120493?
11, 59, 1391557
What are the prime factors of 54312626?
2, 27156313
List the prime factors of 260966337.
3, 17, 5116987
List the prime factors of 166983821.
166983821
List the prime factors of 70196663.
103, 681521
List the prime factors of 178096138.
2, 11, 2339, 3461
List the prime factors of 3874367732.
2, 47, 149, 138311
List the prime factors of 1591490403.
3, 283, 208283
What are the prime factors of 1854462358?
2, 7, 19, 307, 22709
List the prime factors of 145379909.
9931, 14639
List the prime factors of 1061970762.
2, 3, 19, 101, 92233
What are the prime factors of 3577756343?
7, 511108049
What are the prime factors of 28159766?
2, 14079883
List the prime factors of 2274717361.
7, 211, 271, 5683
What are the prime factors of 127622930?
2, 5, 1051, 12143
List the prime factors of 335730826.
2, 11467, 14639
What are the prime factors of 539270041?
1423, 378967
What are the prime factors of 127210692?
2, 3, 7, 1514413
What are the prime factors of 4833944546?
2, 19, 23, 71, 77899
List the prime factors of 46271740.
2, 5, 229, 10103
What are the prime factors of 6477261236?
2, 83, 19509823
List the prime factors of 1300678256.
2, 81292391
What are the prime factors of 2430533043?
3, 47, 5745941
What are the prime factors of 72213291?
3, 31, 47, 5507
What are the prime factors of 80477219?
41, 1962859
What are the prime factors of 25458989?
4139, 6151
List the prime factors of 74777602.
2, 29, 43, 29983
List the prime factors of 227786597.
227786597
What are the prime factors of 32550740?
2, 5, 1627537
What are the prime factors of 2748516073?
2748516073
What are the prime factors of 146237919?
3, 71, 686563
What are the prime factors of 400746395?
5, 7, 283, 40459
What are the prime factors of 1359960627?
3, 109, 199, 20899
List the prime factors of 82176356.
2, 20544089
List the prime factors of 39063080.
2, 5, 7, 139511
List the prime factors of 30113375.
5, 17, 37, 383
What are the prime factors of 402647768?
2, 421, 119551
List the prime factors of 802493904.
2, 3, 16718623
List the prime factors of 28938237.
3, 9646079
What are the prime factors of 691382723?
61, 11334143
List the prime factors of 233258745.
3, 5, 29, 536227
List the prime factors of 33015699.
3, 239, 15349
List the prime factors of 369487343.
15641, 23623
List the prime factors of 7800418191.
3, 23, 113049539
What are the prime factors of 24129161?
7, 241, 14303
What are the prime factors of 433773027?
3, 179, 269257
List the prime factors of 117910174.
2, 31, 1901777
What are the prime factors of 12382520?
2, 5, 349, 887
What are the prime factors of 43258923?
3, 29, 107, 1549
List the prime factors of 487428464.
2, 137, 222367
List the prime factors of 88132007.
61, 1444787
What are the prime factors of 9724752560?
2, 5, 7639, 15913
What are the prime factors of 751635526?
2, 375817763
What are the prime factors of 2012351359?
4871, 413129
List the prime factors of 888897468.
2, 3, 23, 89, 36187
List the prime factors of 116209678.
2, 13, 271, 16493
What are the prime factors of 199227498?
2, 3, 33204583
List the prime factors of 184228753.
31, 5942863
What are the prime factors of 242035365?
3, 5, 11, 13, 53, 2129
What are the prime factors of 660546449?
41, 16110889
List the prime factors of 146902878.
2, 3, 43, 189797
List the prime factors of 113610529.
751, 151279
List the prime factors of 97168264.
2, 149, 81517
What are the prime factors of 3274591722?
2, 3, 545765287
What are the prime factors of 91831422?
2, 3, 101, 151537
List the prime factors of 228277045.
5, 45655409
What are the prime factors of 32553387?
3, 1205681
What are the prime factors of 7956388272?
2, 3, 7, 23679727
List the prime factors of 90868926.
2, 3, 15144821
What are the prime factors of 32962390?
2, 5, 883, 3733
List the prime factors of 34869074.
2, 17, 1025561
List the prime factors of 97794295.
5, 163, 119993
List the prime factors of 53798073.
3, 7, 2561813
What are the prime factors of 48031949?
7, 61, 197, 571
List the prime factors of 10278273.
3, 3426091
What are the prime factors of 645882059?
43, 2083, 7211
What are the prime factors of 38857926?
2, 3, 19, 340859
What are the prime factors of 294940358?
2, 147470179
What are the prime factors of 136887234?
2, 3, 11, 53, 39133
What are the prime factors of 988739491?
113, 359, 24373
What are the prime factors of 96076820?
2, 5, 7, 191, 3593
What are the prime factors of 1456702316?
2, 197, 1848607
What are the prime factors of 365526547?
365526547
List the prime factors of 402997742.
2, 7, 28785553
What are the prime factors of 157805251?
157805251
What are the prime factors of 113814903?
3, 53, 715817
List the prime factors of 1206791175.
3, 5, 19, 846871
List the prime fac